 5
Suppose 11*m - 31*m = -32680. List the prime factors of m.
2, 19, 43
Let a(n) = -150*n + 6. What are the prime factors of a(-8)?
2, 3, 67
Let u = 47 + -8. Suppose 5 = g - u. List the prime factors of g.
2, 11
Let p be (1 + 0)*2 + 3. Suppose p*k = 6*k - x + 2, x = 2*k. What are the prime factors of 24/(k + 2) - -2?
2
Suppose -5*p = 345 - 1565. List the prime factors of p.
2, 61
Let i = -458 - -1023. What are the prime factors of i?
5, 113
List the prime factors of -906*6/(-12) + 4.
457
Let u = -1357 + 4310. List the prime factors of u.
2953
Let l(x) = x**2 - 9*x + 9. Let u be l(9). List the prime factors of 627/u - (-9)/27.
2, 5, 7
Suppose 0 = 2*g - g - 5*i, 0 = -g + 2*i + 3. Let f(l) = 5*l - 9. What are the prime factors of f(g)?
2
Let s = -220 - -585. List the prime factors of s.
5, 73
Suppose 4*k + 2*m + 0*m - 2564 = 0, -2*m + 1286 = 2*k. What are the prime factors of k?
3, 71
What are the prime factors of (-23)/(-23) + -1 + 1342?
2, 11, 61
Suppose 3*j - 5 = 4. Suppose -2*s - j*s + 20 = 0. Suppose -3*w = -s*v - 4*w + 213, -3*v = -4*w - 136. What are the prime factors of v?
2, 13
Suppose -4*p - 4 = -4*m, 0 = -m + 2*p + 2*p + 7. Let q = m + 4. Let u(w) = w**3 - 2*w**2 + 4*w - 1. What are the prime factors of u(q)?
2, 5
Let z = 108 - -31. Suppose z = 5*v + 2*k - 117, 2*k = 3*v - 160. List the prime factors of v.
2, 13
Let v(j) = 0*j**2 - 1 - j**2 + 7*j**2. Let r be v(1). Suppose r*p - 21 = 89. What are the prime factors of p?
2, 11
Let s = -17 + 7. Let c be 1*(s - 0/(-1)). What are the prime factors of ((-198)/(-15))/((-3)/c)?
2, 11
Let z = 3144 + -2153. List the prime factors of z.
991
Let h = 1342 - 498. List the prime factors of h.
2, 211
Suppose -2*t = -0*t + 8. Let f be 2*t/12*-15. Suppose 2*x - 28 - f = 0. List the prime factors of x.
19
Let h = 1427 - -1120. What are the prime factors of h?
3, 283
Let i = 1716 - 1153. What are the prime factors of i?
563
Suppose 14 = -n - y - y, 4*y = 5*n. Let b be (-2)/(3/(-30)*n). Let g = b + 27. What are the prime factors of g?
2, 11
Let x(z) = 4*z + z + 5 - 8*z**2 - z**3 + 2*z**3. What are the prime factors of x(8)?
3, 5
Let m(n) = -n**3 + 9*n**2 + n + 2. Let y be 88/10 - (-7)/35. Let j be m(y). Let p = 26 - j. What are the prime factors of p?
3, 5
Let q(o) be the second derivative of o**5/20 - o**4/4 + o**3/2 + o**2/2 - 6*o. Let l = 30 - 26. List the prime factors of q(l).
29
Let y(l) be the third derivative of l**6/120 + 2*l**5/15 + l**4/12 + l**3/6 - 6*l**2. What are the prime factors of y(-7)?
2, 3
Suppose -13 = -n + w - 6, -4*w = 0. Suppose -5*g - 5*p + 1005 = 0, -6*g + n*g = 2*p + 189. What are the prime factors of g?
197
Let x(a) be the second derivative of -7*a + 7/3*a**4 + 0*a**2 + 1/6*a**3 + 0. What are the prime factors of x(1)?
29
Let b(v) = 168*v - 559. List the prime factors of b(26).
13, 293
What are the prime factors of ((-16386)/(-36) - -4) + 1/(-6)?
3, 17
Let r(u) = 2*u**2 - 6*u + 3. What are the prime factors of r(3)?
3
Let z(k) = 9*k + 2. Let b be z(3). List the prime factors of (b - -2) + 6/3.
3, 11
Suppose 12 + 3 = z + 5*n, 3*z - 11 = 2*n. Suppose -z*y - 2*s = -4*s - 66, -2*s - 24 = -2*y. What are the prime factors of y?
2, 7
Suppose 8*g - 18 = 5*g. Let s(q) be the third derivative of q**4/24 + q**3/2 - 8*q**2. What are the prime factors of s(g)?
3
Let l = -3418 + 5413. List the prime factors of l.
3, 5, 7, 19
Let d(o) = 47*o + 2. Let h be d(2). Suppose 3*l = 4*r - 345, 4*l + h = 2*r - r. What are the prime factors of r?
2, 3, 7
Suppose 0 = -4*f - 20, n - 874 - 425 = -5*f. List the prime factors of n.
2, 331
Suppose 7*f = 4 + 10. Suppose 4 + f = -6*w. What are the prime factors of (0 - w)*1 - -68?
3, 23
List the prime factors of 54/(-4)*((-295)/5 + -3).
3, 31
Let i(t) = -6*t + 23. Let b be -12 - (-3 + 2)*4. List the prime factors of i(b).
71
Suppose 3715 = 5*m + 5*h, 5*h + 3715 = 7*m - 2*m. List the prime factors of m.
743
Let i be 2*(-1)/(-4)*10. Suppose -i*k - 3*b + 144 = 0, b + 7 = 2*k - 55. Suppose -4*q + k = -10. List the prime factors of q.
2, 5
Let x(u) = -u**3 - 2*u**2 - u + 37. Let w be x(6). Let g = w - -442. List the prime factors of g.
5, 37
Let d(z) = -2*z - 53. Let x be d(-12). List the prime factors of (-20)/((-5)/1) - x.
3, 11
Let d(l) = -688*l - 353. List the prime factors of d(-7).
4463
Suppose 2*d - 3*d = -4. Suppose -2*m = d*p - 22, -2*p = -4*m - m + 19. Suppose 0 = p*g + g - 3*x - 14, 2*g - 8 = x. List the prime factors of g.
5
What are the prime factors of -2*9/6*-1 + 600?
3, 67
List the prime factors of ((-6905)/5 + -4)*(-12)/20.
3, 277
List the prime factors of (89/2*-17)/((-2)/4).
17, 89
Let t = -2277 - -4641. List the prime factors of t.
2, 3, 197
Suppose 5*d = -u + 11138, 5*d - 33*u + 30*u = 11126. What are the prime factors of d?
17, 131
Let x = 1025 - -594. What are the prime factors of x?
1619
Let z = -4 + 6. Suppose 4514 = -z*q + 2*o, -4*q - o = 4*o + 9010. What are the prime factors of (-4)/14 - q/77?
29
Suppose -u = 5*i + u + 1166, -i - 5*u - 247 = 0. Let j = -162 - i. What are the prime factors of j?
2, 5, 7
Let q be 1 + 8/(-4) - (2 + -7). Suppose -k - q*m = -26 - 30, 3*m = -4*k + 263. What are the prime factors of k?
2, 17
What are the prime factors of 7 + 672 + 21/(-9 + 2)?
2, 13
Suppose 0 = -4*h - 8, 3*h + 31 = 4*a + a. Let m be -27*(-3)/(5 + -2). Let y = m + a. What are the prime factors of y?
2
Suppose 5*g = -3*b + 374, -2*b + 0*b - g = -254. Suppose b = o + o. Suppose 8*p - o - 392 = 0. What are the prime factors of p?
3, 19
Let q = 10 - -35. Suppose 2*h = h + 2*l + 47, h - l = q. List the prime factors of h.
43
Suppose -15 + 43 = 7*p. Suppose 0 = -p*l + 146 + 302. List the prime factors of l.
2, 7
Let k = -261 + 542. List the prime factors of k.
281
Let k(w) = w**2 + 6*w + 11. Let c be k(-7). Let x = 37 - c. What are the prime factors of x?
19
Let f = 15 + -13. Suppose 0 = 4*z + 2*w - 418, 3 - 9 = f*w. Suppose 0*c = -2*c + z. What are the prime factors of c?
53
Let k = 19 - 25. Let g be 0 - -1 - (k - 42). Suppose -4*v = -35 - g. List the prime factors of v.
3, 7
Suppose -111*j + 984 = -108*j. List the prime factors of 30/(-12)*j/(-5).
2, 41
Suppose 3*o - 261 = -4*i, -12 = -4*i - 0. Suppose 4*b - 49 = 3*f + o, -b = -2*f - 28. What are the prime factors of b?
2, 3
Suppose -5*y + 35 = -5*o + 95, 4*o + y - 48 = 0. Suppose 5*f - 7 + o = 0. Let r(z) = -14*z - 1. List the prime factors of r(f).
13
Let x = -37 + 122. Let s(w) = 4*w**2 - 62 + x - 21*w - 3*w**2. List the prime factors of s(21).
23
What are the prime factors of (70/4 - 5)/(1/34)?
5, 17
Let y(p) = 29 + 2*p**2 - 20*p - 3 - 11. List the prime factors of y(14).
127
Let r be 32 - (-2 + 6/2). Let s = r - -1. Suppose h - s = x + 13, 3*x - 3 = 0. What are the prime factors of h?
2, 23
Suppose 45 = 18*f - 9. Let k(b) = 17*b**2 + b + 15. What are the prime factors of k(f)?
3, 19
Suppose 5*t - 3783 = -2*b, -5772 = -5*t - b - 1993. List the prime factors of t.
5, 151
Let j be (-5)/((20/12)/(-5)). Suppose -x = -2*w - j, -3*x - 2*x - 4*w + 5 = 0. Suppose -2 = 2*h + 4, x*t - 4*h - 192 = 0. What are the prime factors of t?
2, 3
Let a = -40 + 34. What are the prime factors of (158/(-5) + a)*(-4 - 1)?
2, 47
Let j(r) = -r**3 - 6*r**2 - 6*r + 5. Let f be j(-5). Let g(d) = 24*d - 3. What are the prime factors of g(f)?
3, 79
Let m(d) = -d**3 - 17*d**2 + 44*d - 43. What are the prime factors of m(-20)?
277
Suppose 1964*n = 1967*n - 5766. What are the prime factors of n?
2, 31
Let r = 166 + 177. What are the prime factors of r?
7
Let j = 127 + 499. What are the prime factors of j?
2, 313
List the prime factors of 7/((-7)/(-2))*(-1 - -119).
2, 59
Let j(d) = 62*d**3 - d**2 + 2*d - 1. Let b = -4 - -5. Let u be j(b). Let o = u - 37. What are the prime factors of o?
5
Suppose 8*o = 6*o + 3*f + 541, -5*o - 4*f = -1295. List the prime factors of o.
263
Suppose 5*n = 42 - 7. Suppose -n + 4 = -h. List the prime factors of h.
3
Let a(q) = 14*q + 52. List the prime factors of a(11).
2, 103
Let h(l) = -2*l + 4. Let k(c) = 12*c - 2 - c**2 - 4 - 1 + 1. Let u be k(12). List the prime factors of h(u).
2
Suppose 12*k - 941 = 1663. What are the prime factors of k?
7, 31
What are the prime factors of (6 - (-3 + 9)) + 284?
2, 71
Suppose -17*o + 59*o = 14574. List the prime factors of o.
347
Let i = 1453 + 1082. What a